{"id":10370,"date":"2018-07-09T07:09:38","date_gmt":"2018-07-09T07:09:38","guid":{"rendered":"http:\/\/agnieszkaceglowska-dr.pl\/?page_id=10370"},"modified":"2020-02-05T16:48:49","modified_gmt":"2020-02-05T16:48:49","slug":"rodo","status":"publish","type":"page","link":"http:\/\/agnieszkaceglowska-dr.pl\/?page_id=10370","title":{"rendered":"RODO"},"content":{"rendered":"<div class=\"wpb-content-wrapper\"><p>[vc_row][vc_column][vc_column_text css=&#8221;.vc_custom_1580921316584{margin-top: 20% !important;}&#8221;]Zgodnie z art. 13 og\u00f3lnego rozporz\u0105dzenia o ochronie danych osobowych z dnia 27 kwietnia 2016 roku ( Dz. Urz. UE L 119 z 04.05.2016) informuj\u0119, \u017ce:<\/p>\n<ol>\n<li>Administratorem Pani \/ Pana danych osobowych jest:<\/li>\n<\/ol>\n<p>Prywatny Gabinet Ginekologiczny<\/p>\n<p>93-134 \u0141\u00f3d\u017a ul. P\u0142ocka 29<\/p>\n<p>2.\u00a0 Pani \/ Pana dane osobowe przetwarzane b\u0119d\u0105 w celu \u015bwiadczenia us\u0142ug medycznych &#8211; na podstawie Art. 6 ust. 1 lit. c og\u00f3lnego rozporz\u0105dzenia o ochronie danych osobowych z dnia 27 kwietnia 2016 roku oraz na podstawie Art. 9 sut. 1 lit. h og\u00f3lnego rozporz\u0105dzenia o ochronie danych osobowych z dnia 27 kwietnia 2016 roku.<\/p>\n<p>3.\u00a0 Odbiorcami Pani \/ Pana danych osobowych b\u0119d\u0105 wy\u0142\u0105cznie podmioty uprawnione do uzyskania danych osobowych na podstawie przepis\u00f3w prawa (NFZ) oraz Ubezpieczyciele, laboratoria analityczne.<\/p>\n<p>4.\u00a0 Pani \/ Pana dane osobowe przechowywane b\u0119d\u0105 przez okres 20 lat.<\/p>\n<p>5.\u00a0 Posiada Pani\/ Pan prawo do \u017c\u0105dania od administratora dost\u0119pu do danych osobowych, ich sprostowania lub ograniczenia przetwarzania.<\/p>\n<p>6.\u00a0 Ma Pani \/ Pan prawo wniesienia skargi do organu nadzorczego.<\/p>\n<p>7.\u00a0 Podanie danych osobowych jest obligatoryjne na mocy przepis\u00f3w prawa.[\/vc_column_text][\/vc_column][\/vc_row]<\/p>\n<\/div>","protected":false},"excerpt":{"rendered":"<p>[vc_row][vc_column][vc_column_text css=&#8221;.vc_custom_1580921316584{margin-top: 20% !important;}&#8221;]Zgodnie z art. 13 og\u00f3lnego rozporz\u0105dzenia o ochronie danych osobowych z dnia 27 kwietnia 2016 roku ( Dz. Urz. UE L 119 z 04.05.2016) informuj\u0119, \u017ce: Administratorem Pani \/ Pana danych osobowych jest: Prywatny Gabinet Ginekologiczny 93-134 \u0141\u00f3d\u017a ul. P\u0142ocka 29 2.\u00a0 Pani \/ Pana dane osobowe przetwarzane b\u0119d\u0105 w celu \u015bwiadczenia [&hellip;]<\/p>\n","protected":false},"author":2,"featured_media":0,"parent":0,"menu_order":0,"comment_status":"closed","ping_status":"closed","template":"","meta":[],"_links":{"self":[{"href":"http:\/\/agnieszkaceglowska-dr.pl\/index.php?rest_route=\/wp\/v2\/pages\/10370"}],"collection":[{"href":"http:\/\/agnieszkaceglowska-dr.pl\/index.php?rest_route=\/wp\/v2\/pages"}],"about":[{"href":"http:\/\/agnieszkaceglowska-dr.pl\/index.php?rest_route=\/wp\/v2\/types\/page"}],"author":[{"embeddable":true,"href":"http:\/\/agnieszkaceglowska-dr.pl\/index.php?rest_route=\/wp\/v2\/users\/2"}],"replies":[{"embeddable":true,"href":"http:\/\/agnieszkaceglowska-dr.pl\/index.php?rest_route=%2Fwp%2Fv2%2Fcomments&post=10370"}],"version-history":[{"count":2,"href":"http:\/\/agnieszkaceglowska-dr.pl\/index.php?rest_route=\/wp\/v2\/pages\/10370\/revisions"}],"predecessor-version":[{"id":10687,"href":"http:\/\/agnieszkaceglowska-dr.pl\/index.php?rest_route=\/wp\/v2\/pages\/10370\/revisions\/10687"}],"wp:attachment":[{"href":"http:\/\/agnieszkaceglowska-dr.pl\/index.php?rest_route=%2Fwp%2Fv2%2Fmedia&parent=10370"}],"curies":[{"name":"wp","href":"https:\/\/api.w.org\/{rel}","templated":true}]}}